 - -1 - (9 - (-1 + -1)).
-3
What is 4 - (-2 - (-5 + 4))?
5
Calculate -5 + -3 - (-4 + -6).
2
Calculate -5 - -7 - -1 - 7.
-4
What is 4 + 1 + -10 + 8?
3
What is the value of 1 + -6 - (-5 - -4)?
-4
(0 - -7) + 2 + -15
-6
11 - (4 + 14 + -4)
-3
Calculate (-10 - -6) + 6 + -2.
0
Evaluate 1 + -1 - (-11 - (-20 - -8)).
-1
What is -11 - (6 + -11) - -3?
-3
3 - 4 - 1 - (-6 - -5)
-1
(-31 - -37) + 0 + -4
2
2 + (5 - 4 - 1)
2
What is the value of -2 - (-5 - (4 + -8))?
-1
What is -11 - ((-3 - -13) + -13)?
-8
(-23 - -15) + 0 + 4
-4
Calculate 6 + -1 + 1 - (1 + 2).
3
Evaluate -2 + 13 + (-1 - 8).
2
0 + 1 + -2 + -6 + -1
-8
Evaluate 2 - (8 + -2) - (-6 - -1).
1
What is the value of (-12 - -2) + 5 + 4?
-1
Evaluate 4 + -2 + -6 - 1.
-5
What is the value of -1 - ((3 - 11) + 3 + 2)?
2
-7 + (3 - 5) - (3 + -8)
-4
0 + -3 + (-16 - -16)
-3
Evaluate 9 + -5 - (3 - 4).
5
What is the value of 8 + -5 + 1 - 11?
-7
Evaluate -1 + -2 + 3 + 3.
3
Calculate -6 + (8 - 9) + 4 + 6.
3
Evaluate -2 - (-7 + -4 + 6 - -2).
1
Evaluate -2 + (3 + 5 - (2 - 1)).
5
11 + -6 + 0 + -2
3
(-2 + 4 - (-1 + 10)) + 13
6
Calculate (-2 - 2) + 18 + -10.
4
What is the value of (1 - (3 + -8)) + (-15 - -1)?
-8
Evaluate -1 + -3 + 6 + (1 - 2).
1
What is -4 - (-4 + -7 - -2)?
5
What is the value of -15 + 13 + (1 - 0)?
-1
What is the value of 7 + -12 + -4 + (-1 - -10)?
0
Calculate 0 + -3 - (-161 + 162).
-4
Evaluate -14 - (19 + -21 - (1 - -4)).
-7
(8 - -2) + (-3 - -2) + -6
3
What is the value of -13 - 0 - (9 - (-19 - -33))?
-8
(0 - 4 - -2) + 6
4
Calculate -1 - (-4 - (-10 + -2 + 5)).
-4
(0 - (2 + 0)) + (-11 - -8)
-5
2 - (5 + (-9 - -2))
4
Evaluate -17 + 21 + -4 + -4.
-4
Evaluate -4 - (-2 + -3) - -1.
2
-9 + 2 - (-46 - -36)
3
1 + (0 - -6 - (-6 + 8))
5
Evaluate 0 + 8 + (18 + -24 - -5).
7
Calculate (3 - -1) + -2 + -3.
-1
-2 + 0 - (7 + -11)
2
-1 - (0 + -10 + 6)
3
Calculate -5 - (1 - 1) - -5 - 3.
-3
Calculate 2 + (7 + -5 - 2).
2
What is -5 - ((0 - 2) + -3)?
0
What is (5 - (15 - (18 - 9))) + -2?
-3
(-4 - 2) + (-2 - -13)
5
What is the value of 0 - (5 + 0 + -7)?
2
What is 5 + 8 + -7 + -6?
0
(2 - -1) + (0 - (-3 - -2))
4
Evaluate -8 - ((-12 - -4) + 4).
-4
Evaluate (1 - 4 - 1) + 5.
1
What is 3 + (3 - 3) - 3?
0
What is the value of 4 - 1 - (-4 + 7 - -1)?
-1
(4 + -2 - 3) + -1
-2
5 + 2 + 5 + -5
7
Calculate (0 - 0) + (-1 - (8 + -3)).
-6
(2 - 9) + (-14 - -16)
-5
(-5 - -3) + (3 - -4)
5
What is 5 + (5 - 11 - -1)?
0
What is the value of 2 + 1 + (-13 - 0 - -11)?
1
What is the value of (2 - -6) + -13 + 3?
-2
Calculate 4 - (8 - ((0 - 4) + 5)).
-3
Calculate 6 - 2 - -3 - 8.
-1
(2 - (0 + -1)) + -17 + 15
1
What is 4 - (2 + 8) - -5?
-1
What is 6 + -12 + -1 + 10?
3
What is the value of 3 + (6 - -2) + (-45 - -38)?
4
What is the value of 4 + -1 + (8 - 6 - -5)?
10
What is the value of 10 - 11 - (6 - (-2 + 6))?
-3
What is the value of 0 - 0 - 2 - -6?
4
2 + (-5 - -2) - (-40 + 42)
-3
What is the value of 0 - -1 - (17 - 11 - 9)?
4
Evaluate (2 - (-8 + -3)) + 1 + -8.
6
What is 3 - 1 - (3 + -1 - 2)?
2
Evaluate -6 + 12 + 5 - 6.
5
What is (10 - 8) + 5 + 1?
8
What is the value of -2 + 1 + -2 - 0?
-3
-4 + 4 - (1 - (-1 - 1))
-3
0 + 9 + (-9 - -5)
5
What is -3 + -2 + 12 + -5?
2
Calculate 7 - 0 - (-24 + -5 + 31).
5
2 + 0 + -6 - -6
2
What is the value of (9 + (-1 - 4) - -2) + -5?
1
What is the value of 2 - (5 + (4 - 5))?
-2
0 + 2 - (-16 + 18)
0
What is 3 - (0 + 3) - 1?
-1
Evaluate 4 - -1 - (-30 + 33).
2
1 - 0 - (27 - 22)
-4
What is the value of 9 + (-1 - 0) - (-58 - -61)?
5
What is -2 + (0 - 3) + 8?
3
What is 6 + 4 + -4 - 3?
3
Calculate (-5 + 6 - 11) + 7.
-3
Calculate -10 + 11 + -3 - (-3 + 2).
-1
Calculate 4 + -5 + -3 - -3.
-1
Evaluate 5 - (-1 + 0 + 1).
5
Evaluate 3 + (4 - 7) - -5.
5
Calculate -2 + 1 + (-2 - (4 + -9)).
2
What is 8 + (-5 - (1 - 3))?
5
What is the value of (0 - -5) + (-25 - (-24 - -3))?
1
(-6 - -4) + -3 - (5 - 7)
-3
1 - (-4 - -4 - -11)
-10
What is 2 + 2 + (-1 - 12) + 5?
-4
Calculate -2 + (-7 - (-3 + -6)).
0
Calculate 42 + -38 + (-2 - 2 - -3).
3
What is -5 - (5 + -6 + -5)?
1
What is the value of -10 - (-11 + 1 + 5 + -1)?
-4
What is 3 - 2 - 2 - -3 - 7?
-5
What is the value of -1 + 1 + (-7 - (1 + -5))?
-3
What is (-4 + 7 - 10) + 1 + 5?
-1
-6 + (3 - -1 - 7 - -1)
-8
Calculate 2 + 2 + 3 + (0 - 2).
5
What is the value of (-5 + 6 + -5 - -6) + -1?
1
Calculate 0 - 9 - (-4 + 0).
-5
What is the value of 0 + -3 + 2 + 3 + -7?
-5
-1 + 2 + -5 - (8 - 18)
6
What is the value of 0 + (-4 + 0 + 1 - -8)?
5
Evaluate (4 + -2 - -5) + -5.
2
What is the value of -3 + -4 + 1 + 3?
-3
Calculate (-12 - -19) + (0 - 3).
4
Calculate 58 + -50 - (10 - 1).
-1
(1 - -6) + -6 - (1 - -2)
-2
Evaluate 2 + -1 + -5 + 3.
-1
What is 4 + (0 - 1) + 2 + 3?
8
What is 4 + (3 + -6 - -3)?
4
What is 5 - (3 - (1 - 5))?
-2
Evaluate 4 + -3 + (4 - (2 + 4)).
-1
What is the value of 17 + -17 - ((3 - 3) + -2)?
2
What is the value of 1 + -2 + 1 - -1?
1
What is the value of 53 + -60 - (-1 - 3) - -3?
0
Calculate 0 - 2 - (-10 - -17 - 9).
0
Evaluate 0 + 3 + 1 + 3 + -9.
-2
What is the value of -6 - ((-4 - -6) + -2 - 0)?
-6
Calculate 7 + -8 + -5 + -3.
-9
-1 + (-1 - 5) + 4
-3
-3 + 8 + (-7 - -1 - -1)
0
What is 1 + 7 + (-49 - -38)?
-3
-2 + 0 + 1 + 2 - 0
1
What is 6 - 3 - (-1 - -2)?
2
Evaluate 4 + (-5 - 7 - -4) - 0.
-4
What is 3 + (3 - (2 - -2)) + -1?
1
Evaluate -5 + 6 + 8 + -14.
-5
What is -2 + (-5 - (-2 + -1))?
-4
What is the value of -1 + 0 - -2 - 2?
-1
(-4 - -7) + -6 - -5
2
Calculate -4 + (-4 - -4) - -8.
4
What is 3 + -6 + 2 - 0?
-1
What is -1 + 0 + (-7 - -2 - -4)?
-2
What is (2 - 1) + 1 + (137 - 139)?
0
Evaluate 5 + (2 - (5 - 7)) + -5.
4
Evaluate 3 + -5 + 1 + -5.
-6
Calculate 0 + (4 - (-5 + 12)).
-3
Calculate 8 + -5 - (6 + -1) - -7.
5
Evaluate 11 + -7 + -7 + 5.
2
(4 - ((2 - 3) + 4)) + -3
-2
Evaluate (-2 - 16 - -11) + -5 + 21.
9
What is -13 + (9 - 8) + 7?
-5
What is the value of 2 + -9 + (1 - -2)?
-4
What is -171 + 160 + (14 - 1)?
2
Evaluate -4 - (2 - (6 + 0)).
0
What is the value of -12 - (-3 + 3) - (-1 + -5)?
-6
What is the value of (-4 - -1 - 0) + 0?
-3
What is (-2 - -5 - -2) + (-25 - -24)?
4
What is the value of 13 - 10 - (-1 + 2)?
2
-4 + (5 - (6 - -1))
-6
Calculate 6 + (-3 - -4) + 3 + -17.
-7
What is the value of (0 - 2) + 0 + 2 + 2?
2
Evaluate 11 - 0 - (1 - -1).
9
Calculate -2 - (0 + 6 + -12).
4
Evaluate 13 + -5 + (-7 - 1).
0
Evaluate -9 + (23 - (3 + 6)).
5
Evaluate -10 + 3 - (-2 + -2).
-3
What is (0 + 3 - 5) + (-1 - -1)?
-2
0 + (4 + -8 - -11)
7
(-3 + 3 - 3) + 6
3
Calculate -7 + 3 - -4 - (-4 - 2).
6
(-4 - 17) + 13 - (-2 - 8)
2
Evaluate 2 - ((14 - 3 - 5) + -9).
5
(3 - 10 - -1) + (1 - 1)
-6
Evaluate 5 + -9 - (2 - 8).
2
Evaluate 6 - (-7 + 11 + 0).
2
(16 + -10 - -3) + -4
5
What is the value of -16 - 0 - (-66 - -57)?
-7
What is -5 - (7 + -7 + 0)?
-5
What is 6 + -4 + -2 + -3?
-3
Evaluate -8 + 5 + 7 + 0 + -4.
0
What is the value of 5 - (1 - (-5 + 8))?
7
Calculate 7 - (-3 + (0 - -6)) - 5.
-1
What is the value of (-2 - 0) + 7 + -1?
4
What is the value of (2 + 0 - 0) + 2?
4
Evaluate (-7 + 0 - 0) + 4.
-3
Calculate (9 - 2 - 3) + (-3 - -2).
3
(1 - (3 + -1)) + (-14 - -19)
4
Calculate (-2 - -6) + -2 - (-1 - 1).
4
Evaluate -4 - (2 - 1 - 8).
3
What is the value of (4 - 6) + 7 - 3 - 0?
2
41 + -39 + (-2 - (-1 + 1))
0
Calculate 5 - 4 - 5 - 0.
-4
What is (-1 - (0 - 1)) + (-6 - -7)?
1
2 + (-1 - (-3 - (2 + -2)))
4
What is (13 - 6) + 5 - (-4 - -11)?
5
Evaluate (-11 - (6 - 12)) + 3 - -9.
7
Calculate (5 - (-1 - (-6 + 5))) + -11.
-6
Calculate -4 + 5 + 0 + 3 + 0.
4
Calculate -58 + 76 - (9 - -2).
7
Evaluate (21 - 22 - (-2 + 1)) + 3.
3
What is (-51 - -46) + (5 - 2)?
-2
What is the value of 1 + 2 + (2 - 0)?
5
What is 2 + -1 - (-2 + 13 + -11)?
1
7 + (-11 - -5) - (11 - 2)
-8
Calculate -3 + 0 + 9 + (12 - 19).
-1
(-1 - -6) + (4 + -10 - 0)
-1
(-1 - -12 - 6) + 5
10
1 + (-2 - (-7 + -2 - -4))
4
Calculate -16 - (11 - 12 - 7).
-8
Calculate -25 + 23 + (7 - 1).
4
What is the value of -7 + 11 - -14 - 13?
5
What is the value of -5 - (-6 - (-4 + -1)) - -2?
-2
What is the value of -3 + 3 + (6 - 1)?
5
-2 + (1 - -3 - 0) + 2
4
Calculate -2 + (-2 - 0 - (-18 + 19)).
-5
What is 6 - (5 - 3) - (-1 + -2)?
7
What is the value of 0 + (2 - 6 - -1)?
-3
What is -9 + 7 + 1 + -7 + -1?
-9
Calculate -5 + (7 - 5) + 6.
3
Evaluate 8 + 5 + (-4 - (5 - 1)).
5
What is the value of 6 - (17 - (18 - 7))?
0
0 + -1 + -2 + 43 + -35
5
-7 + 0 + 5 - (-1 - -1)
-2
Evaluate -5 + 14 - 9 - -2.
2
What i